46050090.
2, 5, 8521, 9929
What are the prime factors of 139198111?
13, 131, 81737
List the prime factors of 1364544632.
2, 11, 15506189
What are the prime factors of 7593467?
7, 757, 1433
What are the prime factors of 6302962085?
5, 7, 180084631
What are the prime factors of 91621026?
2, 3, 7, 67, 10853
What are the prime factors of 457332137?
47, 9730471
What are the prime factors of 1487076379?
307, 569, 8513
List the prime factors of 1595550.
2, 3, 5, 11, 967
List the prime factors of 2342708330.
2, 5, 234270833
List the prime factors of 30548403.
3, 41, 82787
List the prime factors of 91828681.
7, 13118383
List the prime factors of 261801483.
3, 127, 337, 2039
List the prime factors of 306011392.
2, 43, 27799
What are the prime factors of 65031408?
2, 3, 13, 34739
List the prime factors of 81221030.
2, 5, 11, 738373
What are the prime factors of 339479884?
2, 31, 37, 61, 1213
List the prime factors of 4616260637.
37, 124763801
List the prime factors of 58770896.
2, 3673181
List the prime factors of 289246226.
2, 41, 281, 12553
What are the prime factors of 167636723?
61, 103, 26681
What are the prime factors of 2417005256?
2, 302125657
What are the prime factors of 643842602?
2, 13, 24763177
List the prime factors of 2745350821.
1297, 2116693
List the prime factors of 1273975476.
2, 3, 6211, 17093
List the prime factors of 173807292.
2, 3, 1129, 12829
List the prime factors of 2005204060.
2, 5, 17, 443, 13313
What are the prime factors of 1874455?
5, 11, 173, 197
What are the prime factors of 45370820?
2, 5, 11, 271, 761
List the prime factors of 151383696.
2, 3, 3153827
What are the prime factors of 340492493?
11, 163, 189901
List the prime factors of 102955477.
73, 233, 6053
What are the prime factors of 93954847?
7, 13422121
What are the prime factors of 161330017?
17, 9490001
What are the prime factors of 1103920358?
2, 53, 617, 16879
List the prime factors of 122124890.
2, 5, 769, 15881
What are the prime factors of 103632196?
2, 29, 893381
List the prime factors of 626917503.
3, 73, 211, 13567
What are the prime factors of 154536417?
3, 7, 479, 569
List the prime factors of 1777532459.
1777532459
What are the prime factors of 1423001847?
3, 17, 27901997
List the prime factors of 652970773.
7, 13, 7175503
List the prime factors of 5653116.
2, 3, 7, 22433
List the prime factors of 767041179.
3, 255680393
What are the prime factors of 2398802231?
7, 19, 181, 251, 397
What are the prime factors of 41407008?
2, 3, 181, 2383
List the prime factors of 2572298095.
5, 514459619
What are the prime factors of 165719507?
6323, 26209
What are the prime factors of 46822328?
2, 7, 41, 20393
What are the prime factors of 899118157?
7, 6659, 19289
What are the prime factors of 77300092?
2, 19325023
What are the prime factors of 503454045?
3, 5, 61, 569, 967
What are the prime factors of 216831484?
2, 31, 181, 9661
What are the prime factors of 44119669?
11, 59, 157, 433
List the prime factors of 803669881.
7, 114809983
What are the prime factors of 2158565615?
5, 1657, 260539
What are the prime factors of 598620195?
3, 5, 23, 59, 9803
List the prime factors of 223938189.
3, 23, 71, 1693
What are the prime factors of 244483445?
5, 23, 89, 23887
List the prime factors of 424336474.
2, 212168237
What are the prime factors of 41091939?
3, 7, 93179
What are the prime factors of 2251620824?
2, 113, 2490731
List the prime factors of 426293674.
2, 6719, 31723
What are the prime factors of 49695052?
2, 11, 1129433
What are the prime factors of 26411370?
2, 3, 5, 17, 51787
What are the prime factors of 554500217?
1277, 434221
What are the prime factors of 7908339?
3, 131, 20123
List the prime factors of 793168284.
2, 3, 66097357
What are the prime factors of 13487910?
2, 3, 5, 19, 23663
What are the prime factors of 5395964?
2, 7, 103, 1871
What are the prime factors of 906977836?
2, 226744459
What are the prime factors of 18159024?
2, 3, 13, 29101
What are the prime factors of 385229976?
2, 3, 359, 44711
List the prime factors of 1710323159.
41, 41715199
List the prime factors of 1151049236.
2, 287762309
What are the prime factors of 206289273?
3, 89, 772619
What are the prime factors of 137087959?
29, 4727171
List the prime factors of 517309.
13, 3061
List the prime factors of 8234794917.
3, 17, 53, 71, 14303
What are the prime factors of 489826729?
7, 17, 227, 18133
List the prime factors of 6198866865.
3, 5, 6247, 22051
List the prime factors of 6060689.
6060689
List the prime factors of 20010464.
2, 29, 21563
What are the prime factors of 12894845?
5, 2578969
What are the prime factors of 53904203?
23, 2343661
List the prime factors of 200230460.
2, 5, 10011523
What are the prime factors of 657833180?
2, 5, 32891659
What are the prime factors of 360297179?
11, 32754289
What are the prime factors of 2942288254?
2, 1471144127
List the prime factors of 739174412.
2, 184793603
List the prime factors of 263748035.
5, 52749607
List the prime factors of 578703666.
2, 3, 8887, 10853
List the prime factors of 408306331.
41, 9958691
What are the prime factors of 99134432?
2, 3097951
What are the prime factors of 1151734596?
2, 3, 95977883
What are the prime factors of 1621535755?
5, 7, 31, 997, 1499
What are the prime factors of 4771713860?
2, 5, 23, 181, 223, 257
List the prime factors of 307634376.
2, 3, 7, 433, 4229
What are the prime factors of 186818484?
2, 3, 15568207
What are the prime factors of 142575210?
2, 3, 5, 1584169
What are the prime factors of 1788422406?
2, 3, 17, 17533553
List the prime factors of 248434966.
2, 13, 9555191
List the prime factors of 1050246.
2, 3, 2161
List the prime factors of 596679212.
2, 199, 463, 1619
List the prime factors of 160274262.
2, 3, 307, 87011
What are the prime factors of 497203914?
2, 3, 82867319
What are the prime factors of 2672528727?
3, 11, 29, 191, 14621
List the prime factors of 1420991318.
2, 710495659
What are the prime factors of 139664098?
2, 7, 19, 109, 4817
What are the prime factors of 31189825?
5, 839, 1487
List the prime factors of 206497152.
2, 3, 79, 2269
List the prime factors of 1157117081.
19, 29, 2100031
What are the prime factors of 146313360?
2, 3, 5, 203213
List the prime factors of 84981059.
84981059
List the prime factors of 18008220.
2, 3, 5, 300137
List the prime factors of 56741472.
2, 3, 7297
What are the prime factors of 4040716?
2, 1010179
List the prime factors of 3920973777.
3, 7, 691, 4289
List the prime factors of 67079216.
2, 79, 53069
List the prime factors of 1392109143.
3, 3989, 116329
List the prime factors of 677728261.
7, 127, 108907
What are the prime factors of 810533165?
5, 13, 12469741
What are the prime factors of 157760293?
157760293
What are the prime factors of 389566138?
2, 13, 2927, 5119
What are the prime factors of 1568565620?
2, 5, 78428281
What are the prime factors of 577998545?
5, 115599709
What are the prime factors of 71475161?
7883, 9067
List the prime factors of 58460231.
563, 103837
List the prime factors of 37350770.
2, 5, 19, 196583
List the prime factors of 1865588545.
5, 71, 5255179
List the prime factors of 181876333.
181876333
List the prime factors of 875483908.
2, 13, 67, 251287
List the prime factors of 1683791188.
2, 149, 2825153
What are the prime factors of 2972695285?
5, 7, 84934151
List the prime factors of 277248803.
13, 109, 195659
List the prime factors of 1116596009.
19, 41, 1433371
List the prime factors of 3334709186.
2, 1657, 1006249
What are the prime factors of 432746396?
2, 83, 1303453
What are the prime factors of 98992697?
197, 502501
List the prime factors of 602193367.
53, 211, 53849
List the prime factors of 588532338.
2, 3, 593, 18379
List the prime factors of 232094891.
7, 41, 808693
What are the prime factors of 52216046?
2, 26108023
List the prime factors of 7179045.
3, 5, 478603
List the prime factors of 14239945.
5, 59, 48271
List the prime factors of 127025493.
3, 7, 864119
What are the prime factors of 27250879?
27250879
List the prime factors of 933601652.
2, 41, 5692693
List the prime factors of 16190838.
2, 3, 899491
What are the prime factors of 300069158?
2, 523, 286873
What are the prime factors of 26850305?
5, 5370061
List the prime factors of 228922001.
7, 11, 1559, 1907
What are the prime factors of